{"id":15244,"date":"2025-01-23T08:29:16","date_gmt":"2025-01-23T08:29:16","guid":{"rendered":"https:\/\/bosnagate.com\/home\/?post_type=product&#038;p=15244"},"modified":"2025-12-23T08:32:25","modified_gmt":"2025-12-23T08:32:25","slug":"weekend-house-with-land-near-sarajevo","status":"publish","type":"product","link":"https:\/\/bosnagate.com\/home\/shop\/weekend-house-with-land-near-sarajevo\/","title":{"rendered":"Weekend house with land near Sarajevo"},"content":{"rendered":"<p>Paljevska, Sarajevo, Novi Grad Municipality, City of Sarajevo, Sarajevo Canton, Federation of Bosnia and Herzegovina, 71161, Bosnia and Herzegovina<\/p>\n<p>Bedrooms<br \/>\n5<br \/>\nBathrooms<br \/>\n2<br \/>\nArea<br \/>\n34000<br \/>\nLot Size<br \/>\n120<\/p>\n<p>Description<\/p>\n<p>For sale a plot of land of 37,000 m2 and a cottage of 120 m2,<br \/>\n30 minutes from Sarajevo and the airport.<br \/>\nThis house was renovated in 2021 and consists of the ground floor (living room, kitchen, toilet, room),<br \/>\n1st floor (2 rooms, toilet, terrace) and attic (2 rooms and terrace). It has all the necessary connections, electricity, water, internet. Heating is wood and electricity.<br \/>\nThe garden and orchard in front of the house is 798 m2, next to it there is a small river, barbecue, summer kitchen.<br \/>\nThe rest of the land consists of forest, hills and meadows.<br \/>\nHouse is located in a quiet area, an oasis of nature that gives you the peace you need .<\/p>\n<p>For Sale<\/p>\n<p>400,000\u20ac<\/p>\n<p>Agent Sr\u0111an Had\u017eijusufovi\u0107<\/p>\n<p>Office: +387 33 498670<\/p>\n<p>Mobile: +387 61 275 068<\/p>\n<p>WhatsApp: 38761275068<\/p>\n","protected":false},"excerpt":{"rendered":"<p>Paljevska, Sarajevo, Novi Grad Municipality, City of Sarajevo, Sarajevo Canton, Federation of Bosnia and Herzegovina, 71161, Bosnia and Herzegovina Bedrooms 5 Bathrooms 2 Area 34000 Lot Size 120 Description For sale a plot of land of 37,000 m2 and a cottage of 120 m2, 30 minutes from Sarajevo and the airport. This house was renovated<a class=\"moretag\" href=\"https:\/\/bosnagate.com\/home\/shop\/weekend-house-with-land-near-sarajevo\/\"><span class=\"screen-reader-text\">Read more about Weekend house with land near Sarajevo<\/span>[&#8230;]<\/a><\/p>\n","protected":false},"featured_media":15241,"template":"","meta":[],"product_brand":[],"product_cat":[133],"product_tag":[],"class_list":{"0":"post-15244","1":"product","2":"type-product","3":"status-publish","4":"has-post-thumbnail","6":"product_cat-rentvillas","8":"first","9":"instock","10":"shipping-taxable","11":"purchasable","12":"product-type-simple"},"yoast_head":"<!-- This site is optimized with the Yoast SEO plugin v25.6 - https:\/\/yoast.com\/wordpress\/plugins\/seo\/ -->\n<title>Weekend house with land near Sarajevo - \u0628\u0648\u0627\u0628\u0629 \u0627\u0644\u0628\u0648\u0633\u0646\u0629<\/title>\n<meta name=\"description\" content=\"\u0623\u0631\u0627\u0636\u064a \u0644\u0644\u0628\u064a\u0639 \u0641\u064a \u0627\u0644\u0628\u0648\u0633\u0646\u0629 \u0648\u0627\u0644\u0647\u0631\u0633\u0643 \u0627\u0644\u0625\u0633\u062a\u062b\u0645\u0627\u0631 \u0627\u0644\u0639\u0642\u0627\u0631\u064a \u0641\u064a \u0627\u0644\u0628\u0648\u0633\u0646\u0629 \u0627\u0644\u062a\u0645\u0644\u0643 \u0641\u064a \u0627\u0644\u0628\u0648\u0633\u0646\u0629 \u062f\u0644\u064a\u0644\u0643 \u0644\u0634\u0631\u0627\u0621 \u0627\u0644\u0639\u0642\u0627\u0631\u0627\u062a \u0641\u064a \u0627\u0644\u0628\u0648\u0633\u0646\u0629 \u0648\u0627\u0644\u0647\u0631\u0633\u0643 \u0641\u0644\u0644 \u0648 \u0634\u0642\u0642 \u0644\u0644\u0628\u064a\u0639 \u0641\u064a \u0627\u0644\u0628\u0648\u0633\u0646\u0629\" \/>\n<meta name=\"robots\" content=\"index, follow, max-snippet:-1, max-image-preview:large, max-video-preview:-1\" \/>\n<link rel=\"canonical\" href=\"https:\/\/bosnagate.com\/home\/shop\/weekend-house-with-land-near-sarajevo\/\" \/>\n<meta property=\"og:locale\" content=\"ar_AR\" \/>\n<meta property=\"og:type\" content=\"article\" \/>\n<meta property=\"og:title\" content=\"Weekend house with land near Sarajevo - \u0628\u0648\u0627\u0628\u0629 \u0627\u0644\u0628\u0648\u0633\u0646\u0629\" \/>\n<meta property=\"og:description\" content=\"\u0623\u0631\u0627\u0636\u064a \u0644\u0644\u0628\u064a\u0639 \u0641\u064a \u0627\u0644\u0628\u0648\u0633\u0646\u0629 \u0648\u0627\u0644\u0647\u0631\u0633\u0643 \u0627\u0644\u0625\u0633\u062a\u062b\u0645\u0627\u0631 \u0627\u0644\u0639\u0642\u0627\u0631\u064a \u0641\u064a \u0627\u0644\u0628\u0648\u0633\u0646\u0629 \u0627\u0644\u062a\u0645\u0644\u0643 \u0641\u064a \u0627\u0644\u0628\u0648\u0633\u0646\u0629 \u062f\u0644\u064a\u0644\u0643 \u0644\u0634\u0631\u0627\u0621 \u0627\u0644\u0639\u0642\u0627\u0631\u0627\u062a \u0641\u064a \u0627\u0644\u0628\u0648\u0633\u0646\u0629 \u0648\u0627\u0644\u0647\u0631\u0633\u0643 \u0641\u0644\u0644 \u0648 \u0634\u0642\u0642 \u0644\u0644\u0628\u064a\u0639 \u0641\u064a \u0627\u0644\u0628\u0648\u0633\u0646\u0629\" \/>\n<meta property=\"og:url\" content=\"https:\/\/bosnagate.com\/home\/shop\/weekend-house-with-land-near-sarajevo\/\" \/>\n<meta property=\"og:site_name\" content=\"\u0628\u0648\u0627\u0628\u0629 \u0627\u0644\u0628\u0648\u0633\u0646\u0629\" \/>\n<meta property=\"article:modified_time\" content=\"2025-12-23T08:32:25+00:00\" \/>\n<meta property=\"og:image\" content=\"http:\/\/bosnagate.com\/home\/wp-content\/uploads\/2025\/12\/695.jpg\" \/>\n\t<meta property=\"og:image:width\" content=\"640\" \/>\n\t<meta property=\"og:image:height\" content=\"480\" \/>\n\t<meta property=\"og:image:type\" content=\"image\/jpeg\" \/>\n<meta name=\"twitter:card\" content=\"summary_large_image\" \/>\n<meta name=\"twitter:site\" content=\"@bosnagate\" \/>\n<meta name=\"twitter:label1\" content=\"\u0648\u0642\u062a \u0627\u0644\u0642\u0631\u0627\u0621\u0629 \u0627\u0644\u0645\u064f\u0642\u062f\u0651\u0631\" \/>\n\t<meta name=\"twitter:data1\" content=\"\u062f\u0642\u064a\u0642\u0629 \u0648\u0627\u062d\u062f\u0629\" \/>\n<script type=\"application\/ld+json\" class=\"yoast-schema-graph\">{\"@context\":\"https:\/\/schema.org\",\"@graph\":[{\"@type\":\"WebPage\",\"@id\":\"https:\/\/bosnagate.com\/home\/shop\/weekend-house-with-land-near-sarajevo\/\",\"url\":\"https:\/\/bosnagate.com\/home\/shop\/weekend-house-with-land-near-sarajevo\/\",\"name\":\"Weekend house with land near Sarajevo - \u0628\u0648\u0627\u0628\u0629 \u0627\u0644\u0628\u0648\u0633\u0646\u0629\",\"isPartOf\":{\"@id\":\"http:\/\/bosnagate.com\/home\/#website\"},\"primaryImageOfPage\":{\"@id\":\"https:\/\/bosnagate.com\/home\/shop\/weekend-house-with-land-near-sarajevo\/#primaryimage\"},\"image\":{\"@id\":\"https:\/\/bosnagate.com\/home\/shop\/weekend-house-with-land-near-sarajevo\/#primaryimage\"},\"thumbnailUrl\":\"https:\/\/bosnagate.com\/home\/wp-content\/uploads\/2025\/12\/695.jpg\",\"datePublished\":\"2025-01-23T08:29:16+00:00\",\"dateModified\":\"2025-12-23T08:32:25+00:00\",\"description\":\"\u0623\u0631\u0627\u0636\u064a \u0644\u0644\u0628\u064a\u0639 \u0641\u064a \u0627\u0644\u0628\u0648\u0633\u0646\u0629 \u0648\u0627\u0644\u0647\u0631\u0633\u0643 \u0627\u0644\u0625\u0633\u062a\u062b\u0645\u0627\u0631 \u0627\u0644\u0639\u0642\u0627\u0631\u064a \u0641\u064a \u0627\u0644\u0628\u0648\u0633\u0646\u0629 \u0627\u0644\u062a\u0645\u0644\u0643 \u0641\u064a \u0627\u0644\u0628\u0648\u0633\u0646\u0629 \u062f\u0644\u064a\u0644\u0643 \u0644\u0634\u0631\u0627\u0621 \u0627\u0644\u0639\u0642\u0627\u0631\u0627\u062a \u0641\u064a \u0627\u0644\u0628\u0648\u0633\u0646\u0629 \u0648\u0627\u0644\u0647\u0631\u0633\u0643 \u0641\u0644\u0644 \u0648 \u0634\u0642\u0642 \u0644\u0644\u0628\u064a\u0639 \u0641\u064a \u0627\u0644\u0628\u0648\u0633\u0646\u0629\",\"breadcrumb\":{\"@id\":\"https:\/\/bosnagate.com\/home\/shop\/weekend-house-with-land-near-sarajevo\/#breadcrumb\"},\"inLanguage\":\"ar\",\"potentialAction\":[{\"@type\":\"ReadAction\",\"target\":[\"https:\/\/bosnagate.com\/home\/shop\/weekend-house-with-land-near-sarajevo\/\"]}]},{\"@type\":\"ImageObject\",\"inLanguage\":\"ar\",\"@id\":\"https:\/\/bosnagate.com\/home\/shop\/weekend-house-with-land-near-sarajevo\/#primaryimage\",\"url\":\"https:\/\/bosnagate.com\/home\/wp-content\/uploads\/2025\/12\/695.jpg\",\"contentUrl\":\"https:\/\/bosnagate.com\/home\/wp-content\/uploads\/2025\/12\/695.jpg\",\"width\":640,\"height\":480},{\"@type\":\"BreadcrumbList\",\"@id\":\"https:\/\/bosnagate.com\/home\/shop\/weekend-house-with-land-near-sarajevo\/#breadcrumb\",\"itemListElement\":[{\"@type\":\"ListItem\",\"position\":1,\"name\":\"\u0627\u0644\u0645\u0646\u062a\u062c\u0627\u062a\",\"item\":\"http:\/\/bosnagate.com\/home\/shop\/\"},{\"@type\":\"ListItem\",\"position\":2,\"name\":\"Weekend house with land near Sarajevo\"}]},{\"@type\":\"WebSite\",\"@id\":\"http:\/\/bosnagate.com\/home\/#website\",\"url\":\"http:\/\/bosnagate.com\/home\/\",\"name\":\"\u0628\u0648\u0627\u0628\u0629 \u0627\u0644\u0628\u0648\u0633\u0646\u0629\",\"description\":\"\u0627\u0648\u0644 \u0648\u0627\u0643\u0628\u0631 \u062a\u062c\u0645\u0639 \u0639\u0631\u0628\u064a \u0627\u0644\u0643\u062a\u0631\u0648\u0646\u064a \u0644\u0644\u0633\u064a\u0627\u062d\u0629 \u0648\u0627\u0644\u0625\u0633\u062a\u062b\u0645\u0627\u0631 \u0641\u064a \u0627\u0644\u0628\u0648\u0633\u0646\u0629\",\"potentialAction\":[{\"@type\":\"SearchAction\",\"target\":{\"@type\":\"EntryPoint\",\"urlTemplate\":\"http:\/\/bosnagate.com\/home\/?s={search_term_string}\"},\"query-input\":{\"@type\":\"PropertyValueSpecification\",\"valueRequired\":true,\"valueName\":\"search_term_string\"}}],\"inLanguage\":\"ar\"}]}<\/script>\n<!-- \/ Yoast SEO plugin. -->","yoast_head_json":{"title":"Weekend house with land near Sarajevo - \u0628\u0648\u0627\u0628\u0629 \u0627\u0644\u0628\u0648\u0633\u0646\u0629","description":"\u0623\u0631\u0627\u0636\u064a \u0644\u0644\u0628\u064a\u0639 \u0641\u064a \u0627\u0644\u0628\u0648\u0633\u0646\u0629 \u0648\u0627\u0644\u0647\u0631\u0633\u0643 \u0627\u0644\u0625\u0633\u062a\u062b\u0645\u0627\u0631 \u0627\u0644\u0639\u0642\u0627\u0631\u064a \u0641\u064a \u0627\u0644\u0628\u0648\u0633\u0646\u0629 \u0627\u0644\u062a\u0645\u0644\u0643 \u0641\u064a \u0627\u0644\u0628\u0648\u0633\u0646\u0629 \u062f\u0644\u064a\u0644\u0643 \u0644\u0634\u0631\u0627\u0621 \u0627\u0644\u0639\u0642\u0627\u0631\u0627\u062a \u0641\u064a \u0627\u0644\u0628\u0648\u0633\u0646\u0629 \u0648\u0627\u0644\u0647\u0631\u0633\u0643 \u0641\u0644\u0644 \u0648 \u0634\u0642\u0642 \u0644\u0644\u0628\u064a\u0639 \u0641\u064a \u0627\u0644\u0628\u0648\u0633\u0646\u0629","robots":{"index":"index","follow":"follow","max-snippet":"max-snippet:-1","max-image-preview":"max-image-preview:large","max-video-preview":"max-video-preview:-1"},"canonical":"https:\/\/bosnagate.com\/home\/shop\/weekend-house-with-land-near-sarajevo\/","og_locale":"ar_AR","og_type":"article","og_title":"Weekend house with land near Sarajevo - \u0628\u0648\u0627\u0628\u0629 \u0627\u0644\u0628\u0648\u0633\u0646\u0629","og_description":"\u0623\u0631\u0627\u0636\u064a \u0644\u0644\u0628\u064a\u0639 \u0641\u064a \u0627\u0644\u0628\u0648\u0633\u0646\u0629 \u0648\u0627\u0644\u0647\u0631\u0633\u0643 \u0627\u0644\u0625\u0633\u062a\u062b\u0645\u0627\u0631 \u0627\u0644\u0639\u0642\u0627\u0631\u064a \u0641\u064a \u0627\u0644\u0628\u0648\u0633\u0646\u0629 \u0627\u0644\u062a\u0645\u0644\u0643 \u0641\u064a \u0627\u0644\u0628\u0648\u0633\u0646\u0629 \u062f\u0644\u064a\u0644\u0643 \u0644\u0634\u0631\u0627\u0621 \u0627\u0644\u0639\u0642\u0627\u0631\u0627\u062a \u0641\u064a \u0627\u0644\u0628\u0648\u0633\u0646\u0629 \u0648\u0627\u0644\u0647\u0631\u0633\u0643 \u0641\u0644\u0644 \u0648 \u0634\u0642\u0642 \u0644\u0644\u0628\u064a\u0639 \u0641\u064a \u0627\u0644\u0628\u0648\u0633\u0646\u0629","og_url":"https:\/\/bosnagate.com\/home\/shop\/weekend-house-with-land-near-sarajevo\/","og_site_name":"\u0628\u0648\u0627\u0628\u0629 \u0627\u0644\u0628\u0648\u0633\u0646\u0629","article_modified_time":"2025-12-23T08:32:25+00:00","og_image":[{"width":640,"height":480,"url":"http:\/\/bosnagate.com\/home\/wp-content\/uploads\/2025\/12\/695.jpg","type":"image\/jpeg"}],"twitter_card":"summary_large_image","twitter_site":"@bosnagate","twitter_misc":{"\u0648\u0642\u062a \u0627\u0644\u0642\u0631\u0627\u0621\u0629 \u0627\u0644\u0645\u064f\u0642\u062f\u0651\u0631":"\u062f\u0642\u064a\u0642\u0629 \u0648\u0627\u062d\u062f\u0629"},"schema":{"@context":"https:\/\/schema.org","@graph":[{"@type":"WebPage","@id":"https:\/\/bosnagate.com\/home\/shop\/weekend-house-with-land-near-sarajevo\/","url":"https:\/\/bosnagate.com\/home\/shop\/weekend-house-with-land-near-sarajevo\/","name":"Weekend house with land near Sarajevo - \u0628\u0648\u0627\u0628\u0629 \u0627\u0644\u0628\u0648\u0633\u0646\u0629","isPartOf":{"@id":"http:\/\/bosnagate.com\/home\/#website"},"primaryImageOfPage":{"@id":"https:\/\/bosnagate.com\/home\/shop\/weekend-house-with-land-near-sarajevo\/#primaryimage"},"image":{"@id":"https:\/\/bosnagate.com\/home\/shop\/weekend-house-with-land-near-sarajevo\/#primaryimage"},"thumbnailUrl":"https:\/\/bosnagate.com\/home\/wp-content\/uploads\/2025\/12\/695.jpg","datePublished":"2025-01-23T08:29:16+00:00","dateModified":"2025-12-23T08:32:25+00:00","description":"\u0623\u0631\u0627\u0636\u064a \u0644\u0644\u0628\u064a\u0639 \u0641\u064a \u0627\u0644\u0628\u0648\u0633\u0646\u0629 \u0648\u0627\u0644\u0647\u0631\u0633\u0643 \u0627\u0644\u0625\u0633\u062a\u062b\u0645\u0627\u0631 \u0627\u0644\u0639\u0642\u0627\u0631\u064a \u0641\u064a \u0627\u0644\u0628\u0648\u0633\u0646\u0629 \u0627\u0644\u062a\u0645\u0644\u0643 \u0641\u064a \u0627\u0644\u0628\u0648\u0633\u0646\u0629 \u062f\u0644\u064a\u0644\u0643 \u0644\u0634\u0631\u0627\u0621 \u0627\u0644\u0639\u0642\u0627\u0631\u0627\u062a \u0641\u064a \u0627\u0644\u0628\u0648\u0633\u0646\u0629 \u0648\u0627\u0644\u0647\u0631\u0633\u0643 \u0641\u0644\u0644 \u0648 \u0634\u0642\u0642 \u0644\u0644\u0628\u064a\u0639 \u0641\u064a \u0627\u0644\u0628\u0648\u0633\u0646\u0629","breadcrumb":{"@id":"https:\/\/bosnagate.com\/home\/shop\/weekend-house-with-land-near-sarajevo\/#breadcrumb"},"inLanguage":"ar","potentialAction":[{"@type":"ReadAction","target":["https:\/\/bosnagate.com\/home\/shop\/weekend-house-with-land-near-sarajevo\/"]}]},{"@type":"ImageObject","inLanguage":"ar","@id":"https:\/\/bosnagate.com\/home\/shop\/weekend-house-with-land-near-sarajevo\/#primaryimage","url":"https:\/\/bosnagate.com\/home\/wp-content\/uploads\/2025\/12\/695.jpg","contentUrl":"https:\/\/bosnagate.com\/home\/wp-content\/uploads\/2025\/12\/695.jpg","width":640,"height":480},{"@type":"BreadcrumbList","@id":"https:\/\/bosnagate.com\/home\/shop\/weekend-house-with-land-near-sarajevo\/#breadcrumb","itemListElement":[{"@type":"ListItem","position":1,"name":"\u0627\u0644\u0645\u0646\u062a\u062c\u0627\u062a","item":"http:\/\/bosnagate.com\/home\/shop\/"},{"@type":"ListItem","position":2,"name":"Weekend house with land near Sarajevo"}]},{"@type":"WebSite","@id":"http:\/\/bosnagate.com\/home\/#website","url":"http:\/\/bosnagate.com\/home\/","name":"\u0628\u0648\u0627\u0628\u0629 \u0627\u0644\u0628\u0648\u0633\u0646\u0629","description":"\u0627\u0648\u0644 \u0648\u0627\u0643\u0628\u0631 \u062a\u062c\u0645\u0639 \u0639\u0631\u0628\u064a \u0627\u0644\u0643\u062a\u0631\u0648\u0646\u064a \u0644\u0644\u0633\u064a\u0627\u062d\u0629 \u0648\u0627\u0644\u0625\u0633\u062a\u062b\u0645\u0627\u0631 \u0641\u064a \u0627\u0644\u0628\u0648\u0633\u0646\u0629","potentialAction":[{"@type":"SearchAction","target":{"@type":"EntryPoint","urlTemplate":"http:\/\/bosnagate.com\/home\/?s={search_term_string}"},"query-input":{"@type":"PropertyValueSpecification","valueRequired":true,"valueName":"search_term_string"}}],"inLanguage":"ar"}]}},"_links":{"self":[{"href":"https:\/\/bosnagate.com\/home\/wp-json\/wp\/v2\/product\/15244"}],"collection":[{"href":"https:\/\/bosnagate.com\/home\/wp-json\/wp\/v2\/product"}],"about":[{"href":"https:\/\/bosnagate.com\/home\/wp-json\/wp\/v2\/types\/product"}],"wp:featuredmedia":[{"embeddable":true,"href":"https:\/\/bosnagate.com\/home\/wp-json\/wp\/v2\/media\/15241"}],"wp:attachment":[{"href":"https:\/\/bosnagate.com\/home\/wp-json\/wp\/v2\/media?parent=15244"}],"wp:term":[{"taxonomy":"product_brand","embeddable":true,"href":"https:\/\/bosnagate.com\/home\/wp-json\/wp\/v2\/product_brand?post=15244"},{"taxonomy":"product_cat","embeddable":true,"href":"https:\/\/bosnagate.com\/home\/wp-json\/wp\/v2\/product_cat?post=15244"},{"taxonomy":"product_tag","embeddable":true,"href":"https:\/\/bosnagate.com\/home\/wp-json\/wp\/v2\/product_tag?post=15244"}],"curies":[{"name":"wp","href":"https:\/\/api.w.org\/{rel}","templated":true}]}}